et o be 5/u - (-10)/8. What is the greatest common divisor of o and 11?
1
Let k(g) = -g**2 + 10. Let z be k(0). Let l be (-206)/(-10) - (-4)/z. Suppose -l = -5*a + 44. What is the highest common divisor of a and 13?
13
Suppose -3*f - 253 = -4*s, -s - s = 4*f - 110. What is the greatest common divisor of s and 122?
61
Let q(v) = -2*v**2 - 6*v + 2. Let z be q(-3). Calculate the greatest common divisor of 1 and z.
1
Let x(s) = -s**2 + 8*s - 7. Let n be x(6). Suppose -3*k + 200 = n*g, 3*g + 116 = 2*k + 2*g. What is the highest common divisor of 24 and k?
12
Let y(z) = -z**2 - 2*z - 1. Let w be y(-2). Let l be 3 - 0 - 69/w. Calculate the greatest common divisor of l and 9.
9
Let h be 6/4 + (-1605)/(-30). Calculate the highest common factor of h and 11.
11
Suppose -2*l = 4*o, 2*l - 4*l - o = -15. Calculate the greatest common factor of 4 and l.
2
Suppose 0*w - 4*w + 8 = 0. Suppose 2*c + 192 = 2*k, 3*c - 61 - 151 = -w*k. Calculate the highest common divisor of k and 25.
25
Let i = -51 + 100. Calculate the greatest common divisor of i and 7.
7
Let p = 159 + -340. Let n = -82 - p. Suppose 8 = o - 3. What is the highest common factor of o and n?
11
Let c be 15*(-22)/(-9)*6. Calculate the highest common divisor of c and 88.
44
Suppose -2*n + 3*n = 30. Let q = 23 + -7. Suppose -q = -3*w - y, 0 = 2*w + 5*y - y - 14. Calculate the greatest common factor of n and w.
5
Let h(f) = 24*f**2 - 3*f - 3. Let w be h(-2). What is the greatest common divisor of w and 9?
9
Suppose -4*y = 2*o - y - 23, 4*y - 8 = 3*o. Calculate the highest common divisor of o and 4.
4
Let v = 14 + -10. Let m(x) = -x**2 - 8*x + 1. Let l be m(-8). Let f = v - l. What is the greatest common divisor of 1 and f?
1
Let w(h) = 17*h**2 + 3*h + 1. Let i be w(-1). Calculate the highest common divisor of i and 10.
5
Let a(w) = -w**3 + 10*w**2 - 7*w - 10. Let n be a(9). Calculate the highest common divisor of n and 2.
2
Suppose -14 = 3*s + 22. Let j be s/15*10/1. Let z = j - -19. What is the greatest common divisor of z and 121?
11
Let u = 94 + -34. What is the highest common divisor of u and 15?
15
Let k(v) = 5*v**2 - v + 1. Let d be k(1). Suppose 0 = -5*g + 640 + 205. Suppose d*i - g = -29. Calculate the greatest common factor of i and 14.
14
Let y be -2*((-62)/4 - (0 + -2)). What is the highest common divisor of 27 and y?
27
Let t be 8/6*(-27)/(-6). What is the greatest common divisor of t and 24?
6
Let b(u) = -13*u + 2. Let q be (-10)/(-25)*(-15)/1. Let f be b(q). Calculate the greatest common divisor of 10 and f.
10
Let b(h) = 5*h - 49. Let d be b(11). Calculate the highest common divisor of 39 and d.
3
Suppose 5*w = 4*j - 558, -4*w - w = 10. Suppose u = -2*u - 2*z + j, z - 1 = 0. Let f be (-4)/((-8)/10) + 0. Calculate the highest common factor of u and f.
5
Suppose 6 = 3*s - 2*s. Suppose -v = -s*v + 65. Calculate the highest common divisor of v and 104.
13
Let a be (2/3)/((-5)/(-360)). Calculate the highest common divisor of 32 and a.
16
Let w be 6 + -7 - 296/(-2). What is the greatest common divisor of 21 and w?
21
Let g = 8 + -6. Let l(n) = -3*n + 10*n + 0*n + 12*n - 3. Let w be l(g). What is the highest common divisor of w and 5?
5
Suppose -t - 1 = -3*m - 8, -2*m - 2 = 0. Suppose -2*j - 35 + 9 = 3*v, -8 = t*v. Let c be (-14)/(1 - (-11)/j). What is the highest common factor of c and 14?
14
Let h be -2 - ((-27)/(-3) + -1). Let a be 6/h*5*-1. Suppose i + 24 - 62 = 5*r, -2*r = i - a. Calculate the highest common divisor of 26 and i.
13
Let f be 5/(-5) - 195/(-3). Let s = 120 - f. Suppose 3*g - 22 = 4*l, 2*g + 4*l = 6*g - 36. Calculate the highest common factor of g and s.
14
Suppose -6*p - 9 = -3*p. Let a be (-15)/p + 2 + -2. Suppose -f = -a*f + 160. What is the greatest common divisor of 10 and f?
10
Let w(p) = p**3 - 3*p**2 - 2*p + 2. Let u be w(4). Let q = u - 4. Calculate the greatest common factor of 24 and q.
6
Let r(q) = -q**2 + 13*q - 13. Let v be r(11). What is the highest common divisor of 9 and v?
9
Suppose i = -3*o + 16, 4*o + 58 = 5*i + 16. Let r be (-4)/3*(-225)/6. What is the highest common factor of r and i?
10
Let c(j) = 2*j**2 + 4. Let t be c(4). Calculate the greatest common factor of 24 and t.
12
Suppose 0 = -5*g - 3*v + 102, 0*g = 4*g - 2*v - 86. Suppose -4*t = -7 - 5. Calculate the greatest common factor of t and g.
3
Let k be -1 - -4*(-13)/(-2). Let s = 3 - 3. Suppose s*b - 2*b + 20 = 0. Calculate the greatest common divisor of k and b.
5
Suppose 181 = 5*c - d - 205, -74 = -c - 3*d. What is the highest common factor of c and 11?
11
Suppose -627 = 4*h - 7*h. What is the highest common divisor of h and 19?
19
Suppose 3*m - 5*j - 63 = 27, 3*j = 9. Calculate the highest common factor of 14 and m.
7
Let w be (83/(-4))/((-1)/8). Let k be w/6 - (-10)/(-15). What is the highest common divisor of 3 and k?
3
Suppose z - h - 30 = -0*h, 0 = 5*h + 25. Calculate the greatest common divisor of 275 and z.
25
Let x be (-534)/(-10) - 3/(-5). Let n = -65 - -44. Let m = x + n. What is the highest common factor of m and 22?
11
Let c(m) = -m + 3. Let x(j) = 4*j - 10. Let b(i) = -16*c(i) - 5*x(i). Let g be b(-6). Calculate the greatest common factor of g and 39.
13
Let w(k) = -65*k - 5. Let b be w(-1). What is the highest common divisor of 12 and b?
12
Let t be (-18)/(-30) + (-257)/(-5). What is the highest common factor of t and 13?
13
Let z be -1*(-6)/(-2 - -4). Let w be ((-2)/z)/((-1)/231). Calculate the highest common divisor of w and 22.
22
Let r be 11/(-11)*(1 + -5). Suppose 2*d - 6*d + r = 0. Suppose 2*i = 6*i - 32. What is the highest common divisor of i and d?
1
Let f(p) = 3*p. Let v be f(-1). Let l be (6 - 5) + v*1. Let k be (-112)/(-6)*(-3)/l. What is the greatest common factor of k and 4?
4
Suppose 2*p - 34 = 4*y, -p = -6*p + 4*y + 85. Suppose -p*q + 180 = -13*q. Calculate the highest common factor of 9 and q.
9
Suppose 0*p - 4*r = -p + 23, 0 = -5*r + 20. Calculate the greatest common divisor of 26 and p.
13
Let g be (-2*4/4)/(-1). Suppose 4*u - 3*v = -4*v + 30, u - 14 = 3*v. Suppose -u = -g*p + p. Calculate the greatest common factor of 8 and p.
8
Let w be 134 - (1 - 4)/(-3). What is the greatest common factor of w and 19?
19
Suppose -19 = 3*j - 58. Calculate the highest common factor of j and 143.
13
Let r = -1 - -23. Let f be 14/77 + 1316/r. What is the highest common factor of 40 and f?
20
Suppose -4*s + 2*q + 47 = -7, -5*q = -3*s + 30. Let n(r) = -r**2 - r + 6. Let m be n(0). What is the highest common factor of m and s?
3
Suppose 2*w - 17 = 1. Suppose 2*r - w = r. Let o be (3/r)/(2/18). What is the greatest common divisor of 15 and o?
3
Let v be (-70)/(-12) - 1/(-6). Suppose -34 = -v*o + 4*o. Let x be (-9)/2*(-102)/9. What is the highest common divisor of x and o?
17
Let z(m) = m + 1. Let i be z(2). What is the greatest common factor of i and 21?
3
Suppose 22 = 4*j - 34. Suppose 5*o - 6 = j. Suppose o*i + i - 485 = 2*m, 5*m + 272 = 3*i. What is the highest common factor of i and 11?
11
Let s = -21 + 23. Calculate the greatest common divisor of 14 and s.
2
Let c be 63/28 - (-6)/8. Suppose 0 = 2*b - 5 - c. What is the greatest common divisor of b and 28?
4
Let h(u) = 6*u - 6. Let t be h(10). What is the highest common factor of t and 27?
27
Let h(b) = b + 8. Let v be h(-3). Suppose -4*y = -2*x + 108, -x + 195 = 4*x + v*y. Let k be -3*11*(-2)/6. What is the greatest common factor of k and x?
11
Let k(z) = 2 - 2 + 4 - z**2 - 2*z. Let h be k(-3). Calculate the greatest common divisor of 2 and h.
1
Suppose -z = j + 3*j - 75, -78 = -4*j - 2*z. What is the highest common divisor of 144 and j?
18
Suppose -59 = -2*j - 2*j - 3*d, 66 = 5*j - 4*d. What is the highest common divisor of 7 and j?
7
Let g = -19 - -24. Suppose 5*u - 61 - 39 = 0. What is the highest common factor of g and u?
5
Let a be ((-18)/(-27) - -1)*(-9)/(-1). Calculate the greatest common factor of a and 165.
15
Let l be ((-105)/(-2))/(10/20). Calculate the greatest common factor of l and 35.
35
Suppose -n = 4*x - 3*x - 7, -3*n + 19 = 2*x. Suppose v + 480 = n*v. Calculate the highest common factor of 15 and v.
15
Let d = 136 - 41. Let v = -62 + d. Let h = 72 + -50. Calculate the greatest common divisor of h and v.
11
Suppose -3*l = -6*l + 30. Let t = -5 + 9. Suppose -2*d = b - 65, t*d = 4*b + 43 + 57. Calculate the gr